{"id":64,"date":"2023-11-20T16:24:20","date_gmt":"2023-11-20T14:24:20","guid":{"rendered":"http:\/\/localhost\/wordpress\/?page_id=64"},"modified":"2025-10-05T21:25:00","modified_gmt":"2025-10-05T19:25:00","slug":"inici-art-per-creixer","status":"publish","type":"page","link":"https:\/\/eulabad.net\/wpaxc\/","title":{"rendered":"Inici"},"content":{"rendered":"<nav class=\"is-responsive wp-block-navigation is-horizontal is-layout-flex wp-block-navigation-is-layout-flex\" aria-label=\"Navegaci\u00f3n\" \n\t\t\tdata-wp-interactive\n\t\t\tdata-wp-context='{\"core\":{\"navigation\":{\"overlayOpenedBy\":[],\"type\":\"overlay\",\"roleAttribute\":\"\",\"ariaLabel\":\"Menu\"}}}'\n\t\t><button aria-haspopup=\"true\" aria-label=\"Open menu\" class=\"wp-block-navigation__responsive-container-open \" \n\t\t\tdata-wp-on--click=\"actions.core.navigation.openMenuOnClick\"\n\t\t\tdata-wp-on--keydown=\"actions.core.navigation.handleMenuKeydown\"\n\t\t><svg width=\"24\" height=\"24\" xmlns=\"http:\/\/www.w3.org\/2000\/svg\" viewBox=\"0 0 24 24\" aria-hidden=\"true\" focusable=\"false\"><rect x=\"4\" y=\"7.5\" width=\"16\" height=\"1.5\" \/><rect x=\"4\" y=\"15\" width=\"16\" height=\"1.5\" \/><\/svg><\/button>\n\t\t\t<div class=\"wp-block-navigation__responsive-container  \" style=\"\" id=\"modal-1\" \n\t\t\tdata-wp-class--has-modal-open=\"selectors.core.navigation.isMenuOpen\"\n\t\t\tdata-wp-class--is-menu-open=\"selectors.core.navigation.isMenuOpen\"\n\t\t\tdata-wp-effect=\"effects.core.navigation.initMenu\"\n\t\t\tdata-wp-on--keydown=\"actions.core.navigation.handleMenuKeydown\"\n\t\t\tdata-wp-on--focusout=\"actions.core.navigation.handleMenuFocusout\"\n\t\t\ttabindex=\"-1\"\n\t\t>\n\t\t\t\t<div class=\"wp-block-navigation__responsive-close\" tabindex=\"-1\">\n\t\t\t\t\t<div class=\"wp-block-navigation__responsive-dialog\" \n\t\t\tdata-wp-bind--aria-modal=\"selectors.core.navigation.ariaModal\"\n\t\t\tdata-wp-bind--aria-label=\"selectors.core.navigation.ariaLabel\"\n\t\t\tdata-wp-bind--role=\"selectors.core.navigation.roleAttribute\"\n\t\t\tdata-wp-effect=\"effects.core.navigation.focusFirstElement\"\n\t\t>\n\t\t\t\t\t\t\t<button aria-label=\"Close menu\" class=\"wp-block-navigation__responsive-container-close\" \n\t\t\tdata-wp-on--click=\"actions.core.navigation.closeMenuOnClick\"\n\t\t><svg xmlns=\"http:\/\/www.w3.org\/2000\/svg\" viewBox=\"0 0 24 24\" width=\"24\" height=\"24\" aria-hidden=\"true\" focusable=\"false\"><path d=\"M13 11.8l6.1-6.3-1-1-6.1 6.2-6.1-6.2-1 1 6.1 6.3-6.5 6.7 1 1 6.5-6.6 6.5 6.6 1-1z\"><\/path><\/svg><\/button>\n\t\t\t\t\t\t<div class=\"wp-block-navigation__responsive-container-content\" id=\"modal-1-content\">\n\t\t\t\t\t\t\t<ul class=\"wp-block-navigation__container is-responsive wp-block-navigation\"><li data-wp-context=\"{ &quot;core&quot;: { &quot;navigation&quot;: { &quot;submenuOpenedBy&quot;: {}, &quot;type&quot;: &quot;submenu&quot; } } }\" data-wp-effect=\"effects.core.navigation.initMenu\" data-wp-interactive data-wp-on--focusout=\"actions.core.navigation.handleMenuFocusout\" data-wp-on--keydown=\"actions.core.navigation.handleMenuKeydown\" tabindex=\"-1\" class=\" wp-block-navigation-item has-child open-on-click wp-block-navigation-submenu\"><button data-wp-bind--aria-expanded=\"selectors.core.navigation.isMenuOpen\" data-wp-on--click=\"actions.core.navigation.toggleMenuOnClick\" aria-label=\"Menu submenu\" class=\"wp-block-navigation-item__content wp-block-navigation-submenu__toggle\" aria-expanded=\"false\"><span class=\"wp-block-navigation-item__label\">Menu<\/span><\/button><span class=\"wp-block-navigation__submenu-icon\"><svg xmlns=\"http:\/\/www.w3.org\/2000\/svg\" width=\"12\" height=\"12\" viewBox=\"0 0 12 12\" fill=\"none\" aria-hidden=\"true\" focusable=\"false\"><path d=\"M1.50002 4L6.00002 8L10.5 4\" stroke-width=\"1.5\"><\/path><\/svg><\/span><ul data-wp-on--focus=\"actions.core.navigation.openMenuOnFocus\" class=\"wp-block-navigation__submenu-container wp-block-navigation-submenu\"><li class=\" wp-block-navigation-item wp-block-navigation-link\"><a class=\"wp-block-navigation-item__content\"  href=\"https:\/\/eulabad.net\/wpaxc\/index.php\/inici\/agenda\/\"><span class=\"wp-block-navigation-item__label\">1-Agenda Actual<\/span><\/a><\/li><li class=\" wp-block-navigation-item wp-block-navigation-link\"><a class=\"wp-block-navigation-item__content\"  href=\"https:\/\/eulabad.net\/wpaxc\/index.php\/inici\/darreres-activitats\/\"><span class=\"wp-block-navigation-item__label\">2-Darreres activitats<\/span><\/a><\/li><\/ul><\/li><\/ul>\n\t\t\t\t\t\t<\/div>\n\t\t\t\t\t<\/div>\n\t\t\t\t<\/div>\n\t\t\t<\/div><\/nav>\n\n\n<p class=\"has-contrast-color has-base-background-color has-text-color has-background has-link-color wp-elements-2b264af8c17970ff77aac8802e6efff1\"><strong><em><a href=\"https:\/\/eulabad.net\/wpaxc\/index.php\/inici\/agenda\/\">Agenda Actual<\/a>  2025<\/em> ____  <a href=\"https:\/\/eulabad.net\/wpaxc\/index.php\/inici\/darreres-activitats\/\" data-type=\"link\" data-id=\"https:\/\/eulabad.net\/wpaxc\/index.php\/inici\/darreres-activitats\/\"><em>Darreres activitats<\/em><\/a><\/strong> <\/p>\n\n\n\n<div class=\"wp-block-columns is-layout-flex wp-container-core-columns-layout-1 wp-block-columns-is-layout-flex\">\n<div class=\"wp-block-column is-vertically-aligned-stretch is-layout-flow wp-block-column-is-layout-flow\">\n<div class=\"wp-block-group has-global-padding is-layout-constrained wp-block-group-is-layout-constrained\">\n<figure class=\"wp-block-image size-large is-resized\"><img loading=\"lazy\" decoding=\"async\" width=\"1024\" height=\"392\" src=\"https:\/\/eulabad.net\/wpaxc\/wp-content\/uploads\/2023\/11\/Capcalera_AxC-1024x392.png\" alt=\"\" class=\"wp-image-158\" style=\"width:619px;height:auto\" srcset=\"https:\/\/eulabad.net\/wpaxc\/wp-content\/uploads\/2023\/11\/Capcalera_AxC-1024x392.png 1024w, https:\/\/eulabad.net\/wpaxc\/wp-content\/uploads\/2023\/11\/Capcalera_AxC-300x115.png 300w, https:\/\/eulabad.net\/wpaxc\/wp-content\/uploads\/2023\/11\/Capcalera_AxC-768x294.png 768w, https:\/\/eulabad.net\/wpaxc\/wp-content\/uploads\/2023\/11\/Capcalera_AxC.png 1485w\" sizes=\"(max-width: 1024px) 100vw, 1024px\" \/><\/figure>\n\n\n\n<figure class=\"wp-block-gallery alignleft has-nested-images columns-default is-cropped wp-block-gallery-2 is-layout-flex wp-block-gallery-is-layout-flex\"><\/figure>\n<\/div>\n<\/div>\n<\/div>\n\n\n\n<div class=\"wp-block-columns is-layout-flex wp-container-core-columns-layout-2 wp-block-columns-is-layout-flex\">\n<div class=\"wp-block-column is-layout-flow wp-block-column-is-layout-flow\">\n<p class=\"has-text-align-center has-text-color has-link-color has-medium-font-size wp-elements-0e92787a9ddf9850dba1c4fa3a383d53\" style=\"color:#629874\">&#8220;Era una vegada alg\u00fa que es va dedicar amb tot el seu cor a treballar la m\u00fasica, eina poderosa, per a despertar en els m\u00e9s petits la sensibilitat per la bellesa dels sons i el aprendre a escoltar. Poc a poc, investigant, observant, va veure que els valors m\u00e9s aut\u00e8ntics i profunds es despertaven tamb\u00e9 i anaven creixent\u2026\u201d<\/p>\n<\/div>\n\n\n\n<div class=\"wp-block-column is-layout-flow wp-block-column-is-layout-flow\">\n<figure class=\"wp-block-image alignright size-large is-resized\"><img loading=\"lazy\" decoding=\"async\" width=\"576\" height=\"1024\" src=\"https:\/\/eulabad.net\/wpaxc\/wp-content\/uploads\/2023\/11\/IMG-20170214-WA0004-576x1024.jpg\" alt=\"\" class=\"wp-image-159\" style=\"width:159px;height:auto\" srcset=\"https:\/\/eulabad.net\/wpaxc\/wp-content\/uploads\/2023\/11\/IMG-20170214-WA0004-576x1024.jpg 576w, https:\/\/eulabad.net\/wpaxc\/wp-content\/uploads\/2023\/11\/IMG-20170214-WA0004-169x300.jpg 169w, https:\/\/eulabad.net\/wpaxc\/wp-content\/uploads\/2023\/11\/IMG-20170214-WA0004-768x1365.jpg 768w, https:\/\/eulabad.net\/wpaxc\/wp-content\/uploads\/2023\/11\/IMG-20170214-WA0004-864x1536.jpg 864w, https:\/\/eulabad.net\/wpaxc\/wp-content\/uploads\/2023\/11\/IMG-20170214-WA0004.jpg 900w\" sizes=\"(max-width: 576px) 100vw, 576px\" \/><\/figure>\n\n\n\n<p><\/p>\n<\/div>\n<\/div>\n\n\n\n<div class=\"wp-block-columns is-layout-flex wp-container-core-columns-layout-3 wp-block-columns-is-layout-flex\">\n<div class=\"wp-block-column is-layout-flow wp-block-column-is-layout-flow\">\n<figure class=\"wp-block-image size-full is-resized\"><img loading=\"lazy\" decoding=\"async\" width=\"800\" height=\"597\" src=\"https:\/\/eulabad.net\/wpaxc\/wp-content\/uploads\/2023\/11\/IMG-20140211-WA0001.jpg\" alt=\"\" class=\"wp-image-160\" style=\"width:279px;height:auto\" srcset=\"https:\/\/eulabad.net\/wpaxc\/wp-content\/uploads\/2023\/11\/IMG-20140211-WA0001.jpg 800w, https:\/\/eulabad.net\/wpaxc\/wp-content\/uploads\/2023\/11\/IMG-20140211-WA0001-300x224.jpg 300w, https:\/\/eulabad.net\/wpaxc\/wp-content\/uploads\/2023\/11\/IMG-20140211-WA0001-768x573.jpg 768w\" sizes=\"(max-width: 800px) 100vw, 800px\" \/><\/figure>\n\n\n\n<p class=\"has-text-align-center has-text-color has-link-color has-medium-font-size wp-elements-475fa5746c7cf705384dfbee93976076\" style=\"color:#629874;font-style:italic;font-weight:500;text-transform:none\"><a href=\"http:\/\/www.eulabad.cat\" target=\"_blank\" rel=\"noreferrer noopener\">Fes click aqu\u00ed<\/a><a href=\"http:\/\/www.eulabad.cat\"> <\/a><br><a href=\"http:\/\/www.eulabad.cat\" target=\"_blank\" rel=\"noreferrer noopener\">per anar a la <\/a><strong><a href=\"http:\/\/www.eulabad.cat\" target=\"_blank\" rel=\"noreferrer noopener\">p\u00e1gina<\/a><\/strong><a href=\"http:\/\/www.eulabad.cat\"><br><\/a><strong><a href=\"http:\/\/www.eulabad.cat\" target=\"_blank\" rel=\"noreferrer noopener\">Art per Cr\u00e9ixer<\/a><\/strong><a href=\"http:\/\/www.eulabad.cat\"><br><\/a><a href=\"http:\/\/www.eulabad.cat\" target=\"_blank\" rel=\"noreferrer noopener\">de 2023<\/a><\/p>\n<\/div>\n\n\n\n<div class=\"wp-block-column is-layout-flow wp-block-column-is-layout-flow\" style=\"flex-basis:320px\">\n<p class=\"has-text-align-center has-text-color has-link-color has-medium-font-size wp-elements-ad15eb8a121059ae2f025145bd000b4d\" style=\"color:#629874;margin-top:0;margin-right:0;margin-bottom:0;margin-left:0;text-transform:none\">Iniciar l\u2019art en els m\u00e9s petits es encaminar cap a la descoberta d\u2019un mateix, al creixement global. Sabem que els primers anys son molt importants per formar la personalitat d\u2019un infant. Per mitj\u00e0 de la m\u00fasica, la dansa, el teatre, la poesia i l\u2019art, podem introduir tots aquells valors poc practicats a la nostra societat. Com la generositat, la humilitat, l\u2019alegria, la paci\u00e8ncia, l\u2019autoestima, la toler\u00e0ncia, la honestedat, el coratge, l\u2019amistat,,,<\/p>\n<\/div>\n<\/div>\n\n\n\n<figure class=\"wp-block-pullquote has-accent-3-color has-text-color has-link-color has-x-large-font-size wp-elements-d2debb24abd80c9b431bbb3c444d8f50\"><blockquote><p><a href=\"http:\/\/www.eulabad.cat\" data-type=\"link\" data-id=\"www.eulabad.cat\">Lloc en construcci\u00f3.<\/a><a href=\"http:\/\/www.eulabad.cat\" data-type=\"link\" data-id=\"www.eulabad.cat\" target=\"_blank\" rel=\"noreferrer noopener\"><br><\/a><a href=\"http:\/\/www.eulabad.cat\" data-type=\"link\" data-id=\"www.eulabad.cat\">Click per anar a la p\u00e0gina 2023<\/a><\/p><\/blockquote><\/figure>\n\n\n\n<p><\/p>\n\n\n\n<p><\/p>\n\n\n\n<p><\/p>\n","protected":false},"excerpt":{"rendered":"<p>Agenda Actual 2025 ____ Darreres activitats &#8220;Era una vegada alg\u00fa que es va dedicar amb tot el seu cor a treballar la m\u00fasica, eina poderosa, per a despertar en els m\u00e9s petits la sensibilitat per la bellesa dels sons i el aprendre a escoltar. Poc a poc, investigant, observant, va veure que els valors m\u00e9s [&hellip;]<\/p>\n","protected":false},"author":1,"featured_media":0,"parent":0,"menu_order":0,"comment_status":"closed","ping_status":"closed","template":"","meta":{"footnotes":""},"_links":{"self":[{"href":"https:\/\/eulabad.net\/wpaxc\/index.php\/wp-json\/wp\/v2\/pages\/64"}],"collection":[{"href":"https:\/\/eulabad.net\/wpaxc\/index.php\/wp-json\/wp\/v2\/pages"}],"about":[{"href":"https:\/\/eulabad.net\/wpaxc\/index.php\/wp-json\/wp\/v2\/types\/page"}],"author":[{"embeddable":true,"href":"https:\/\/eulabad.net\/wpaxc\/index.php\/wp-json\/wp\/v2\/users\/1"}],"replies":[{"embeddable":true,"href":"https:\/\/eulabad.net\/wpaxc\/index.php\/wp-json\/wp\/v2\/comments?post=64"}],"version-history":[{"count":18,"href":"https:\/\/eulabad.net\/wpaxc\/index.php\/wp-json\/wp\/v2\/pages\/64\/revisions"}],"predecessor-version":[{"id":276,"href":"https:\/\/eulabad.net\/wpaxc\/index.php\/wp-json\/wp\/v2\/pages\/64\/revisions\/276"}],"wp:attachment":[{"href":"https:\/\/eulabad.net\/wpaxc\/index.php\/wp-json\/wp\/v2\/media?parent=64"}],"curies":[{"name":"wp","href":"https:\/\/api.w.org\/{rel}","templated":true}]}}